k) = -k**3 - 7*k**2 - 5*k - 9. Let v be l(-6). Let c = d - v. What is the remainder when c is divided by 2?
0
Let n be (-2 + 4)*-6*1. Calculate the remainder when 22 is divided by 2 - (n + 3 + -1).
10
Suppose 0 = -r + 2. Let b be (r/3)/((-2)/36). Let k = b - -28. What is the remainder when 62 is divided by k?
14
Let o(p) = -8*p + 7. What is the remainder when o(-5) is divided by (-24)/10*(-260)/39?
15
Suppose 4*s - 116 + 16 = 0. Suppose 3*r = 4*i + 153, 4*i + 0*r + 138 = -2*r. What is the remainder when s is divided by (1/(-2))/(2/i)?
7
Let s(r) = -2*r**3 - 70*r**2 - 3*r + 40. What is the remainder when s(-35) is divided by 50?
45
Let y(s) = s**2 + s - 2. Let d(u) = -u**2 - u + 3. Let l(v) = -4*d(v) - 3*y(v). Calculate the remainder when 39 is divided by l(-5).
11
Let u be 6/(2/(8/(-6))). Let o = u + 15. What is the remainder when 31 is divided by o?
9
Let a(k) = -k**3 - 3*k**2 - 2*k - 5. Suppose 0 = -z - 2*f + 74, -z - 3*z + 296 = -2*f. What is the remainder when z is divided by a(-4)?
17
Suppose -2*g - 4 = -2*m, -3 - 1 = -4*g. Suppose 4*s + 44 = 4*c, 0 = -3*c + 8*c + 3*s - 31. What is the remainder when c is divided by m?
2
Let k be (-1)/2 - (-27)/6. Suppose a - 19 = -k*a - 3*b, -b + 9 = 3*a. Calculate the remainder when a is divided by 1.
0
Suppose -3*x - 5*s - 55 = -5*x, 3*x - 85 = 5*s. Let b(v) be the first derivative of -4*v**2 + 1. Calculate the remainder when x is divided by b(-2).
14
Let f(g) = g + 2. Let a(y) = y**2 - 2*y + 3. Let r be a(2). Suppose r*l - 30 = -0*l. Calculate the remainder when l is divided by f(4).
4
Let v be (-4)/(-6)*72/16. Calculate the remainder when v/(-5) + 173/5 is divided by 9.
7
Suppose -4*g - 193 = -3*x, 0*g = 3*x - 3*g - 195. What is the remainder when x is divided by 35?
32
Suppose m + 2 = 1. Let b = m - -15. What is the remainder when ((39 + 1)/1)/1 is divided by b?
12
Calculate the remainder when (6/6)/((-2)/(-18)) is divided by 6.
3
What is the remainder when (-2)/((-168)/(-87) - 2) is divided by 16?
13
Let l(g) = 2*g**2 - 2*g. Let x be l(2). Suppose -x*t - 20 = -4*v, -2*v = -2*t - t - 12. Let u = -1 + 9. What is the remainder when u is divided by v?
2
Suppose w = 4*m - 16, -20 = -4*m - 0. Suppose -3*n = -0*n - a - 49, -w*n - 3*a = -61. Calculate the remainder when 46 is divided by n.
14
Let s(g) = -62*g - 4. Calculate the remainder when s(-3) is divided by 46.
44
Suppose -2*p + 13 = a + 2*a, -3 = 3*a. Let j = -7 + 17. What is the remainder when (-3)/(2/(j/(-1))) is divided by p?
7
Suppose -2*t + 772 = -d, 0 = -d - 4. Suppose r - 87 = -4*l, 5*r - 2*l - 29 - t = 0. Calculate the remainder when r is divided by 21.
20
Suppose w = -3*v + 13, -2*w + 5*v + 5 = -21. What is the remainder when 48 is divided by w?
9
Suppose 5*o - 299 = -4*t, 0 = -3*t + 2*o - 5*o + 222. What is the remainder when t is divided by 25?
21
Suppose 0 = -0*t - t + 2. Suppose t*n - 18 = 16. Suppose -9 = -d - 2*d, 4*d - 39 = -3*x. What is the remainder when n is divided by x?
8
Let k(q) = 2*q + 8. Calculate the remainder when 17 is divided by k(0).
1
Let g = 94 + -81. Let f(u) = u**3 + 8*u**2 - 7*u + 6. What is the remainder when f(-8) is divided by g?
10
Suppose -4*s + 0*t = 3*t - 88, -65 = -3*s - 2*t. Calculate the remainder when s is divided by 11.
8
Let t = -35 + 53. What is the remainder when 51 is divided by t?
15
Let s(j) = 2*j**2 - 6*j - 6. Calculate the remainder when s(5) is divided by 4.
2
Let y = 3 + 0. Suppose -y*r - 7 = -3*t + 11, r = -2*t + 3. Suppose m = -t*m + 308. What is the remainder when m is divided by 20?
17
Let y = 43 - 33. Calculate the remainder when 48 is divided by y.
8
Let q be (-4)/(2*3/(-6)). Let s be (q + -2)/(2 + -1). Let t = s + 5. Calculate the remainder when 13 is divided by t.
6
Calculate the remainder when (3 + -2)*(5 - 8)*-11 is divided by 9.
6
Let w = -43 - -31. Suppose 2*b = -2*l + 20, -5*b + b + 12 = 0. What is the remainder when l is divided by (6/(-5))/(w/40)?
3
Suppose -g + 5*g - 322 = -5*f, -4*g - 8 = 0. Calculate the remainder when f is divided by 3.
0
Let k = -4 - -6. Suppose -j - 2 = k*x - 14, -5*x + 2*j = -12. What is the remainder when x + -2 + 17 + -1 is divided by 10?
8
Let z(j) = 5*j - 20. Calculate the remainder when z(25) is divided by 27.
24
What is the remainder when 19 - (-1)/1*-2 is divided by -5*(-2)/(-4)*-2?
2
Let w(p) = p**3 - 8*p**2 + 9*p + 1. Let m be w(7). Suppose i - 3*u + 7*u + 11 = 0, 0 = i + 5*u + m. What is the remainder when 18 is divided by i?
3
Suppose -238 = -6*m + 158. What is the remainder when m is divided by 14?
10
Let f(v) = v**3 - 7*v**2 - v + 10. Let z be f(7). Suppose -4*x = -12, 0 = 5*n + x - z*x - 74. Calculate the remainder when n/6 + (-4)/6 is divided by 2.
0
Let p = 49 - 26. What is the remainder when p is divided by (-1)/(1/(-8)) + -2?
5
Let b = 11 - 1. What is the remainder when 38 is divided by b?
8
Let c = -206 - -346. What is the remainder when c is divided by 47?
46
Suppose -97 = -3*h - 40. Suppose -h = -2*z + 23. What is the remainder when z is divided by 11?
10
Suppose -2*y = -2*k - 5*y + 11, 5*k = -3*y + 23. Let m = 0 - k. What is the remainder when 2 is divided by 8/m*(-1)/1?
0
Suppose 6*j = -4*k + 2*j + 12, -2 = -2*k + 2*j. Suppose 3*t - k*t = 13. Calculate the remainder when t is divided by 7.
6
Let t(x) = 2*x**2 - 2*x + 2. Let q be t(2). Let f(g) = 4 + 5 - 1 - g. Calculate the remainder when 2 is divided by f(q).
0
Suppose -i = -0*i + 8. Let f = -4 - i. Suppose -3*z - n + 90 = -3*n, f*z = 3*n + 119. Calculate the remainder when z is divided by 17.
15
Let i(o) = -4*o**3 - 5*o**2 + 6*o - 42. Let x(c) = -3*c**3 - 4*c**2 + 5*c - 41. Let f(q) = 4*i(q) - 5*x(q). Calculate the remainder when f(0) is divided by 10.
7
Let c = -27 + 43. Suppose -4*a + 2*t = -22 - 90, -3*t = -12. What is the remainder when a is divided by c?
14
Suppose q - 4*y = 45, -4*q + 150 = -0*y - y. Calculate the remainder when 109 is divided by q.
35
Suppose 0 = -g + 6*g - 4*u + 42, 12 = -g + 2*u. Let v be 0 + ((-12)/(-1) - 3). Calculate the remainder when 28 is divided by 94/6 + g/v.
13
Let g = 0 + 2. Suppose -l + 8 = a, l - g*a = -4*a + 13. Suppose -l*v = -q - 42, -4*v = -q - 51 - 4. What is the remainder when 36 is divided by v?
10
Let w = 29 + 8. Calculate the remainder when w is divided by 20.
17
Let z(x) = 0 - 3*x**2 + 0 - 4*x**2 - 1. Let f be z(1). What is the remainder when 5/(-5)*(f - 1) is divided by 5?
4
What is the remainder when 71 is divided by ((-36)/(-14))/((-7)/(-49))?
17
Suppose -5*t = -157 - 73. What is the remainder when t is divided by 12?
10
Suppose 303 = 5*v + 978. Let g = v - -224. Calculate the remainder when g is divided by 23.
20
Let d = -5 - -5. Suppose -w + 9 + 9 = d. Calculate the remainder when 52 is divided by w.
16
Suppose -3*i + 37 = -50. Calculate the remainder when 113 is divided by i.
26
Suppose 19 = z - 26. Calculate the remainder when z is divided by 12.
9
Suppose 0 = -5*u + 2*x + 29, -5*u = -x - 3*x - 33. Suppose s - 3*s + 13 = d, d - 15 = -4*s. Let y = d + u. What is the remainder when 29 is divided by y?
13
Suppose 6 = -2*t - 0*t + 2*f, -5*t = f + 21. Let h = t + 7. Suppose -20*k + 13 = -107. Calculate the remainder when k is divided by h.
0
Suppose -5*k = -3*f + 7 + 26, 3*f = -5*k + 3. Let y(t) = -t**2 + 8*t - 3. Let h = -55 + 81. Calculate the remainder when h is divided by y(f).
8
Let p = 6 - -18. Calculate the remainder when 118 is divided by p.
22
Suppose -5*i - 27 = -197. Let f = i - 10. What is the remainder when f is divided by 13?
11
Suppose -7*h + 6*h = -23. Calculate the remainder when h is divided by 6.
5
Let s = 1 - 0. Let t(j) = 8*j**2. Suppose 4*q + 4*z = -0*q + 72, 5*q - z = 114. Calculate the remainder when q is divided by t(s).
6
Let a(o) = o**3 - 3*o**2 - 6*o - 5. Suppose 4*f - 12 - 24 = 0. Calculate the remainder when a(5) is divided by f.
6
Calculate the remainder when 25 + (-3)/(6/(-4)) is divided by ((-6)/4)/(3/(-16)) + -1.
6
Let f(b) be the second derivative of 5*b**3/2 - 3*b**2/2 + b. Suppose -4*o + o + 3 = t, -3*o + 9 = -t. Calculate the remainder when f(o) is divided by 14.
13
Suppose -4*q - 32 = -p - 0*q, -4*p + 233 = 5*q. Suppose -3*y + 0*y = -33. Calculate the remainder when p is divided by y.
8
Suppose 3*t - 228 = -93. Suppose 4 = 3*b - 32. Calculate the remainder when t is divided by b.
9
Let r(u